 - 11770 = -4*w, -5*q + 16950 = -4*w. Is ((-2)/(-3))/(20/q) prime?
True
Suppose -2*c + 148 = -678. Let g = -40 + c. Is g a composite number?
False
Suppose 5*x - 3*x = 5*a - 21, 0 = 3*a + 3*x. Suppose 5*s - 4*s = -2*o + 331, a*o = s - 331. Is s a composite number?
False
Suppose 0 = 3*p - 0*p - 15. Suppose p*v - 1871 = 5*l + 244, 0 = -4*v + l + 1680. Is v a prime number?
True
Is (-3)/2*(-3 - 271) a composite number?
True
Suppose -5*g - 25 = -6*m + m, -10 = 5*g. Suppose -v - 4*b = -18, -b = -m*v - 2*b + 109. Is v a composite number?
True
Suppose -3*d = 2*d - 15. Suppose 0 = d*i - 4*i + 47. Is i a composite number?
False
Suppose 3*k + 3*c - 8 = 4*c, -5*k = 2*c - 28. Suppose 1057 = 5*n - 3*d, 3*n = 8*n - d - 1059. Suppose -k*y + n = -0*y. Is y prime?
True
Suppose -49 = b - 2*d, -d = 5*b + 272 - 60. Let t = b - -62. Is t composite?
False
Let c be (2 - (-12)/(-3))*-2. Suppose 3*z - 2*z - 94 = 5*n, 322 = c*z - 2*n. Is z composite?
False
Let d(f) = -f + 8. Let l be d(5). Suppose 0 = -2*u + 7 - 3, -4*u - 58 = -l*s. Suppose s = v + q, -3*q = v - 8 - 8. Is v a composite number?
True
Let w(q) = q**2 + q + 2. Let f be w(-2). Let o = f + 10. Is o a prime number?
False
Let l be (-1)/2*-71*-4. Let t = 251 + l. Is t a prime number?
True
Suppose -4*g = -3*g + 5*f - 29, -5*f + 45 = 5*g. Suppose -3*i = -g + 1, 3*c + 3649 = 4*i. Is 3/6 - c/6 composite?
True
Let b(k) = 219*k - 13. Is b(8) a prime number?
False
Let q(u) = u**2 + u + 1. Is q(5) composite?
False
Let j(w) = 2*w**2 - 8*w + 2. Suppose o - 3 = -3*n, o + 0*n - 4*n = 10. Is j(o) prime?
False
Suppose 5*r - 2*k - 7806 = -k, 0 = k + 1. Is r composite?
True
Let f(l) = -l. Let k(a) = 5*a - 1. Let v(d) = 3*f(d) + k(d). Let t be v(2). Suppose 2*u = -t*u + 165. Is u composite?
True
Suppose -1703 = -2*r - 357. Is r composite?
False
Let y(i) = 10*i**2 + 7*i - 11. Is y(-6) composite?
False
Let s be ((-2)/(-6))/(5/45). Suppose 3*u - 18 = -s*d, 4*d + u + 0*u - 12 = 0. Suppose r - 16 = 2*p, 3*r + d*r - 104 = 2*p. Is r prime?
False
Suppose -13*l + 2153 = -12*l. Is l prime?
True
Suppose -2*k - 836 = 2*k. Let h = -90 - k. Is h composite?
True
Let l(v) be the third derivative of 0 + 0*v + 0*v**4 + 0*v**3 + v**2 + 53/60*v**5. Is l(-1) a prime number?
True
Let q be (12/2 - -1) + 1. Let i = q - 3. Suppose -5*p + 2*d + 155 = -222, -5*p = i*d - 405. Is p a prime number?
False
Let y(w) = w**3 + 14*w**2 - 14*w - 2. Is y(-11) prime?
False
Let l(w) = 4*w**3 + 6*w**2 - 3*w - 7. Let m = -4 - 0. Let b(k) = -3*k**3 - 6*k**2 + 2*k + 6. Let q(g) = m*l(g) - 5*b(g). Is q(5) a prime number?
False
Let u(h) = -h**2 - 7*h + 11. Let a be u(-8). Suppose -a*r = -4*r + 91. Is r prime?
False
Let m be -3 - 12/(1 - 4). Suppose k + 2 = -r, -5*r - 10 = 2*k + 6. Let j = m + k. Is j a composite number?
False
Suppose -7*g = -t - 2*g - 25, -4*t + 10 = 2*g. Suppose -o + 2 = -t*o. Is 468/15 - o/10 a composite number?
False
Let a = -120 + 421. Is a a composite number?
True
Let m(u) = -11*u**2 - 2*u + 3. Let q(c) be the third derivative of -c**5/60 - c**3/6 + c**2. Let z(o) = -m(o) - 2*q(o). Is z(2) prime?
False
Suppose 0 = -10*j + 5*j + 445. Is j a prime number?
True
Let y(i) = -i**2 + 2*i + 2. Let x be y(2). Suppose x*d = 3*p - 22, 5*p = 2*d + 28 - 6. Let o = 18 + d. Is o composite?
False
Let h(z) = -21*z**3 + z**2 + z - 2. Is h(-3) prime?
True
Suppose -3*r = d - 0*r - 5, -11 = -d + 3*r. Let t = -6 + d. Suppose -27 = -t*a - 9. Is a a prime number?
False
Suppose -3*y - 4*g = -295, -3*g - 1 + 4 = 0. Is y prime?
True
Suppose -4*l = -w + 5*w - 72, -4*l = -16. Suppose 15 = -p + 6*p. Suppose -25 - w = -p*t. Is t prime?
True
Suppose -2*s = -6*s. Suppose 3*i - 4*o = s, 5*i = -o + 4*o. Suppose -v - 2*v + 105 = i. Is v composite?
True
Suppose -4*u - 2*q = -q - 58, u - 19 = 2*q. Suppose -5*l + u = 5. Suppose -3*s - l*s + 95 = 0. Is s a composite number?
False
Suppose 0 = -2*d - 3*u + 761, -1513 = -4*d - u + 4*u. Is d prime?
True
Let l = -449 + 686. Is l a composite number?
True
Suppose 2*o - 471 = -5*n + 4*o, -2*n - 5*o = -171. Is n composite?
True
Let c = 74 + -156. Let k = -44 - c. Is k prime?
False
Is (4 + (-77)/3)*-3 prime?
False
Suppose 4*y - 2 = 3*m, 2*m + y - 10 = -2*m. Suppose 3*z = 5*i - 5 - 24, -4*z = -3*i + 13. Is (-682)/(-14) + m/i a prime number?
False
Let q = 247 + -106. Is q a composite number?
True
Suppose 5*z - 15 = 10. Is ((-7)/3)/(z/(-795)) composite?
True
Suppose 4*u = -4*t + 996, 5*t - 6*u + u - 1265 = 0. Is t a composite number?
False
Let a be 3/(-2)*-2 + -1. Suppose 0*c + a*c - 20 = 0. Suppose -2*r + 116 = c. Is r composite?
False
Is (-292)/(-2) - 1/1 prime?
False
Let p(b) = -b - 6. Let w be p(-6). Suppose w*g + 20 = 5*g. Is 30/g*8/6 a prime number?
False
Let t(l) = l**3 - 15*l**2 + 18*l + 3. Let n be (12/30)/(1/35). Is t(n) prime?
True
Let d be (-2)/(-10) + (-96)/(-20). Let q(p) = -9*p - 4. Let u be q(d). Let x = 4 - u. Is x composite?
False
Let m = -2477 - -4378. Is m a composite number?
False
Suppose 7*p + 104 = 3*p. Let f be p/4 + 2/(-4). Let m = 18 - f. Is m a composite number?
True
Let x(b) = -6 + 15 + 19*b + b. Is x(4) composite?
False
Let f = -200 + 848. Let u = f - 235. Is u a composite number?
True
Suppose 4*y - 1353 + 269 = 0. Suppose 0 = -3*q + y + 302. Is q a prime number?
True
Suppose 2 = -4*g + 6. Suppose 3*p + l = p + 153, g = -l. Is p a prime number?
False
Is 0 + (2164/16)/(1/4) a composite number?
False
Let u be 6852/30 - (-4)/(-10). Suppose 5*x - u = x. Is x composite?
True
Let u(x) = x**3 - 13*x**2 - 14*x - 9. Let h(g) = -3*g**3 + 26*g**2 + 29*g + 19. Let j(y) = -2*h(y) - 5*u(y). Is j(-10) a composite number?
True
Let c(a) = 12*a**2 - 23*a + 17. Is c(-12) a composite number?
True
Let w(f) = f + 1. Let n be w(4). Suppose 5*p = -u + 79, 2*u = 6*u - n*p - 216. Is u a prime number?
True
Let s be -1 + 138/4*2. Let k = s + -37. Is k a composite number?
False
Let o be (2 - 2)/(-3 - -2). Suppose o = 4*m + 2*p - 670, 0 = -m + 3*p + 8 + 163. Suppose g - 37 = 3*u, -4*g + u + u = -m. Is g a composite number?
False
Let c(r) = -r**3 + 5*r**2 + 2*r - 7. Let t be c(5). Suppose t*g - 4*g = -13. Is g a prime number?
True
Let m(v) = -v. Let n be m(-2). Suppose n*y - 12 = -4. Is (1 - y)*(-104)/12 prime?
False
Let x = 4 + 1. Suppose -3*v + 2*z - 4*z + 5 = 0, 0 = v + x*z + 7. Suppose 0 = v*c + 5*o - 205 + 58, 4*o + 245 = 5*c. Is c a prime number?
False
Let m be ((-1055)/4)/(4/(-16)). Is (m/(-10))/((-2)/4) a composite number?
False
Let z(i) = i**3 + 6*i**2 + 2. Let s be z(-6). Suppose -3*p = s*w - w - 169, 3*w - 67 = -p. Is p a prime number?
False
Let t(z) = 2*z**3 + 0*z + 2*z - 3*z**2 - 1 + 0*z. Let v(d) = -d**2 - 10*d + 2. Let l be v(-10). Is t(l) a composite number?
False
Let f(o) = -o**3 + 8*o**2 - 1 + 0*o**3 + 3*o + 2*o. Is f(7) a composite number?
False
Let w be (-60)/(-4) + 0/(-1). Suppose -2*a - 44 = 3*d - d, -5*a - w = 0. Let i = 42 + d. Is i prime?
True
Is 17322/(-4)*(3 + 22/(-6)) composite?
False
Let l = 477 + -786. Is (-2)/4 - l/6 a prime number?
False
Let l(p) = -4*p**2 - 4*p - 2. Let o(q) = 8*q**2 + 8*q + 4. Let w(x) = -9*l(x) - 4*o(x). Suppose 8*i + 14 = 3*a + 3*i, -3*a = -4*i - 10. Is w(a) composite?
True
Let q(r) = 4*r + 4. Let d be q(6). Let s = d - -39. Is s a prime number?
True
Let b(h) = 52*h**2 + 8*h + 27. Is b(-6) a prime number?
False
Let j be (4 + (2 - 5))*-3. Let w(u) = 2*u - 5*u + 1 + 3 - u**2. Is w(j) a composite number?
True
Let n be (-10)/(-4) + (-3)/(-6). Let u(y) be the first derivative of y**4/4 - y**3 + y**2/2 + 1. Is u(n) composite?
False
Let q(f) = f**2 - 6*f - 3. Let h be q(6). Let p be ((-788)/(-12))/(1/h). Is 2/(-8) - p/4 composite?
True
Let g = -6 + 8. Let t be g/7 + (-624)/(-21). Is (t/9)/(1/3) prime?
False
Suppose 0 = 2*k + 2*k - 12. Suppose 2*g = -k*g + 35. Is g a prime number?
True
Suppose -2*c - 124290 = -20*c. Is c a prime number?
False
Let n = 5 + -7. Let l be (n + (-21)/(-9))*9. Suppose -8*r = -l*r - 125. Is r a prime number?
False
Let h(g) = 2*g**3 - 8*g**2 - 8*g - 17. Is h(10) a composite number?
False
Suppose 4*z - 4*s = 8, -12 = 4*s - s. Is (-1 - z)*(0 + 163) a composite number?
False
Suppose -3*t = -2*z + 13, 3*z - z - t - 7 = 0. Suppose 0 = -z*w + 33 + 59. Is w composite?
True
Let g be (-1 + 73 + -2)/1. Suppose 5*x - 3*m - 164 = 0, m - 20 = -3*x + g. Is x prime?
True
Suppose -8 = 5*w - w. Let i